git of f(-3)?
2
Let v(r) = -r - 9. Let i be v(-4). Let x(b) = b**2 + 4*b + 3. What is the units digit of x(i)?
8
Suppose 2*s = 3*k + 6*s - 14, 5*k - 6 = 2*s. Suppose k = -h + 7. What is the units digit of (-136)/(-20) + 1/h?
7
Let v(d) be the third derivative of 2*d**2 + 0*d + 0 + 0*d**3 + 1/24*d**4. What is the units digit of v(5)?
5
Let r = 22 - 13. What is the units digit of r?
9
Let h(v) = v**3 + 8*v**2 + 5*v + 9. Let z be h(-6). Suppose 15 = -2*c + z. What is the tens digit of c?
1
Let h = 1 - -2. Suppose 3*p + 4*a = 16, h*a + 1 = 2*p - p. Suppose -6*t + 14 = -p*t. What is the units digit of t?
7
Let a(t) = -3*t + 1. Let g be a(1). Let k(m) = -16*m + 6*m + 7*m. What is the units digit of k(g)?
6
Suppose -10 - 44 = -2*d. What is the tens digit of d?
2
Let o be 1/(2/2)*6. Let a = o + -4. What is the units digit of a?
2
Let h(f) = -5*f**2 - f + 1. Let s be h(1). Let b(p) = p**3 + 6*p**2 + 3*p - 1. What is the units digit of b(s)?
9
Suppose -248 + 698 = 5*n. Suppose -5*s + n = -20. Let c = s + -9. What is the tens digit of c?
1
Suppose 4*t - 25 = -t. Let n = 25 + t. What is the units digit of n?
0
Let l(o) = 50*o + 2. What is the hundreds digit of l(2)?
1
Suppose -5*x + 67 + 43 = 0. What is the units digit of x?
2
Suppose 5 = -3*c - 16. Let u(j) = j**3 + 8*j**2 + 8*j + 10. Let t be u(c). Suppose 4*w = 4*b + 12, t*b = 3*w - w - 7. What is the units digit of w?
2
Suppose 4*v = -2*v + 960. What is the units digit of v?
0
Let c = -1 - -96. What is the units digit of c?
5
Let q = -9 - -27. What is the tens digit of 356/q - (-2)/9?
2
Let a = 31 + -17. Let i = -6 + a. Suppose -3*g - g + i = 0. What is the units digit of g?
2
Suppose a - 29 = 4*f, 5*f = 2*a + f - 38. Let u be 60/16*(1 - a). What is the units digit of u/(-4) - (-1)/2?
8
Let l = -12 + 15. Let n = 22 + -36. What is the units digit of n/l*18/(-12)?
7
Let b be (-8 - 0)*(-29)/2. Let w = -81 + b. Suppose -w = -6*i + i. What is the units digit of i?
7
Suppose -2*d = 3*d. Suppose k = -1 - d. Let s = 1 - k. What is the units digit of s?
2
Suppose -5*p = -p - 12. What is the units digit of (1 - p) + (2 - -1)?
1
Let l = -20 - -25. Suppose l*h - 172 = h. What is the units digit of h?
3
Let x(s) = s - 1. Let p be x(3). Let q(n) = 10*n. What is the units digit of q(p)?
0
Suppose 3*b - i = 9, -b + 8*i - 3*i - 11 = 0. Suppose c = 3*z - 14, -b*z + 4*c + 16 = -2*z. Suppose 6 - 34 = -z*p. What is the units digit of p?
7
Let j(o) = o + 1. Let x be j(8). Suppose -2*v + 3*a = -3 - 4, 2*v = 5*a + x. Suppose -3 = n + 2*b, -v = 2*n + b + b. What is the units digit of n?
1
Suppose -k - 5 = -2*b + 1, 15 = 5*b - 4*k. What is the units digit of (b/6)/((-2)/(-76))?
9
Let o be 20/5 - (1 - -1). Let q = 4 - o. What is the units digit of ((-1)/(-2))/(q/16)?
4
Suppose 0 = -7*p + 947 + 1657. What is the hundreds digit of p?
3
Suppose s = -24 + 193. What is the units digit of s?
9
Suppose c = -3, 2*y + 4*c - 2*c + 58 = 0. Let w be y/(-8) + (-1)/4. Suppose 0*z = w*z - 36. What is the tens digit of z?
1
Let h(a) = 6*a - 1. Let s be h(1). Suppose s*k + 14 = -6. Let q = 15 + k. What is the tens digit of q?
1
Let d(i) = i + 1. Let j = -9 + 17. What is the units digit of d(j)?
9
Suppose 3*n = 6, -4*n + 39 = 3*g + 4. Let z(x) = -x**3 - 3*x**2 - 3. Let d be z(-3). Let j = g + d. What is the units digit of j?
6
Suppose -2*q = 5*q - 518. What is the units digit of q?
4
Suppose -2*o = 5*k - 50, 3*o + 0*k = -k + 62. Suppose t = -4 + o. What is the tens digit of t?
1
Let y(k) = k**3 + 9*k**2 + 7*k - 6. Let g(c) = -3*c + 1. Let v be g(3). Let w be y(v). Let a = 4 - w. What is the units digit of a?
2
Let g be (69/(-9))/(2/6). Let d = -12 - g. What is the units digit of d?
1
Suppose -2*g = -g + 2*t - 40, -2*t = 0. What is the units digit of g?
0
Let r(v) be the third derivative of -v**6/120 - v**5/60 + v**4/6 + 2*v**3/3 + 5*v**2. What is the tens digit of r(-4)?
3
Let q(p) = -1 + 5 + p - 3. Let x(h) = 2*h - 1. Let t be x(2). What is the units digit of q(t)?
4
Let o(b) = 174*b**2 + 2*b + 1. What is the tens digit of o(1)?
7
Suppose -j + 3*w = -15, 2*j - 12 = 2*w - 2. Suppose -3*o - o + 20 = j. What is the units digit of o?
5
Let q = -5 - -9. Suppose 4*x = q + 48. What is the units digit of x?
3
Let q(f) = -f**3 - 5*f**2 + f - 2. Let x be q(-5). Let v(a) = -a - 3. What is the units digit of v(x)?
4
Suppose -10 + 1 = -3*m. Let z be (9 + -9)/(2 + -3). Suppose m*f - f - 26 = z. What is the units digit of f?
3
Let x = 184 - 99. What is the tens digit of x?
8
Let n = -34 + 21. Let k = n - -23. Suppose 3*a - k - 14 = 0. What is the units digit of a?
8
Let u(z) = z**3 + 14*z**2 + 16*z + 8. Let v be u(-13). What is the units digit of 2*1*v/(-2)?
1
Suppose -3 + 13 = -5*y. Let p(h) = h**2 - 2*h - 1. Let w be p(y). What is the tens digit of (-2 + 2/w)*-7?
1
Suppose 5*p + 3 = -12. Let q be (5 + p)*2/2. Suppose q*m - 3*m = -4*o - 9, m - 5*o = 10. What is the units digit of m?
5
Suppose -r = m - 136, m - 2*r - 418 = -2*m. Suppose 4*d + 3*w - 33 - 101 = 0, -4*d - 5*w + m = 0. What is the tens digit of d?
3
Let u(k) = 50*k**2 - 2*k - 1. What is the units digit of u(-1)?
1
Let g(w) = -w**3 + 9*w**2 + w - 7. Let k = -23 - -32. Let f be g(k). Suppose 2*j - 15 = 3*l, 0 = f*j + l + l - 30. What is the tens digit of j?
1
Let i be ((-24)/42)/((-2)/7). Suppose 4*m - 34 = -2*c - 2, -i*m - 2 = -2*c. What is the units digit of c?
6
Let r = -105 + 218. What is the units digit of r?
3
Suppose t = 6*t + 2*m - 44, 0 = -t - 2*m + 12. Let z = 11 - t. Suppose -32 = -z*h + h. What is the units digit of h?
6
Let k(z) = -3 - z + 3*z + 2 + 4*z**2. Let a be k(1). Suppose -4*f - 3*g + 29 = -0*g, -a*g = -f - 10. What is the units digit of f?
5
Let r(c) = 4*c**3 - c - 1. Let m be r(-1). Let g be (-15)/m - 12/16. Let k = g + -1. What is the units digit of k?
2
Let v = -7 + 11. Let u(q) = -q**2 + 4*q + 2. Let w be u(4). Suppose -i - w + 4 = l, -v*l - i = -11. What is the units digit of l?
3
Let i(q) = q**3 - 6*q**2 - 12*q + 20. What is the units digit of i(8)?
2
What is the tens digit of (-4)/(-5 - 2409/(-483))?
2
What is the tens digit of 72/1 + 20/(-5) + 5?
7
Suppose 1114 = 4*m + 294. What is the units digit of m?
5
Let i be 4/(-22) - (-1116)/(-33). Let g = 56 + i. What is the units digit of g?
2
Suppose -q - 4*q + 20 = 0. Let h = 57 + -33. Suppose -q*m + h = -0. What is the units digit of m?
6
Suppose 2*k + 20 = -2*k. Let y = 0 - k. Suppose -5*d + 14 = 5*m - 81, 4*m - y*d = 58. What is the tens digit of m?
1
Let y(n) = -n**2 - 11*n - 6. Let h be y(-9). Suppose s + 36 = 4*f, 2*f - 2*s + 0 = h. What is the units digit of f?
0
Let m(w) = -w**2 - w + 3. Let r be m(0). Suppose -r*x = x. Suppose x*i = 4*i - 12. What is the units digit of i?
3
Let m(c) = 4*c**2 + 10*c + 5. What is the hundreds digit of m(4)?
1
Suppose -m + 3*m - 14 = 0. What is the units digit of m?
7
Let n(g) be the second derivative of g**3/6 + g**2 - 9*g. Let d be 3/(6/4) + 0. What is the units digit of n(d)?
4
What is the units digit of -3*(2 + 14/(-3))?
8
Let t(s) = s**2 - 2*s + 2. What is the tens digit of t(-3)?
1
Let c = 75 + -47. What is the units digit of c?
8
Let a(c) = 2*c + 7. Let o(z) = -2*z - 6. Let m(x) = 5*a(x) + 6*o(x). What is the units digit of m(-1)?
1
Let z = -23 - -17. Suppose 0*v + 3*n = 3*v, -4*n + 5 = v. What is the units digit of v/(2 + -3) - z?
5
Let r be (8/4 + -4)*-4. Let h(p) = -p**2 + 10*p - 4. What is the tens digit of h(r)?
1
Let r(d) = 10*d**3 + d - 1. Let w = -3 + 4. What is the tens digit of r(w)?
1
Let p(a) = 5*a - 6. What is the tens digit of p(5)?
1
Let j(t) = t**3 + 6*t**2 - 17*t - 6. What is the hundreds digit of j(5)?
1
What is the tens digit of (10/4 + 0)*6?
1
Let n = -4 - -37. What is the units digit of n?
3
Let i(p) = p**2 - p. Let y be i(3). Suppose 2 - y = -w, -2*d - 3*w = -24. What is the units digit of d?
6
Let g(a) = a**2 + 12*a - 6. What is the tens digit of g(-16)?
5
Let f = -22 + -6. Let a = 47 + f. What is the units digit of a?
9
Let u(j) = 48*j**3 + j**2 - j. Let f be (0 - (3 - 1))/(-2). Let y be u(f). Suppose n = -2*n + y. What is the tens digit of n?
1
Let g(d) be the third derivative of -d**7/2520 - 7*d**6/720 + d**5/20 + 3*d**2. Let z(i) be the third derivative of g(i). What is the units digit of z(-6)?
5
Suppose -k - 3 - 1 = 0. Let m(n) = 5*n**2 - n**2 +